{"id":12,"date":"2023-07-16T09:33:03","date_gmt":"2023-07-16T06:33:03","guid":{"rendered":"http:\/\/www.aykonbeton.com.tr\/?page_id=12"},"modified":"2023-07-16T09:33:04","modified_gmt":"2023-07-16T06:33:04","slug":"kalite-politikamiz","status":"publish","type":"page","link":"http:\/\/www.aykonbeton.com.tr\/index.php\/kalite-politikamiz\/","title":{"rendered":"KAL\u0130TE POL\u0130T\u0130KAMIZ"},"content":{"rendered":"\n<p>\u015e\u0130RKET DE\u011eER\u0130: \u0130nsanlar giderek t\u00fckettikleri \u00fcr\u00fcn ve hizmetlerin ard\u0131ndaki \u015firket konusunda daha sorgulay\u0131c\u0131 oluyorlar. Kurulu\u015flardan i\u00e7inde ya\u015fad\u0131klar\u0131 topluma ve d\u00fcnyaya kar\u015f\u0131 daha sorumlu davranmalar\u0131n\u0131 bekliyorlar. Etik de\u011ferlere sahip olmayan \u015firketlerden uzakla\u015f\u0131yorlar.<br>\u00dclkemizin en k\u00f6kl\u00fc markalar\u0131ndan Vakko\u2019nun yarat\u0131c\u0131s\u0131 Vitali Hakko\u2019nun \u00f6zetledi\u011fi gibi bir kurulu\u015f, \u201cYaratamazsa, \u00fcretemiyor. \u00dcretemezse, pazarlayam\u0131yor\u201d Bu kutsal \u00fc\u00e7l\u00fcy\u00fc bir b\u00fct\u00fcn olarak g\u00f6ren, yaratmaya, \u00fcretmeye ve pazarlamaya s\u00fcrekli yat\u0131r\u0131m yapan kurulu\u015flar kal\u0131c\u0131 ba\u015far\u0131lara imza atarak, rakiplerini geride b\u0131rak\u0131yor.<\/p>\n","protected":false},"excerpt":{"rendered":"<p>\u015e\u0130RKET DE\u011eER\u0130: \u0130nsanlar giderek t\u00fckettikleri \u00fcr\u00fcn ve hizmetlerin ard\u0131ndaki \u015firket konusunda daha sorgulay\u0131c\u0131 oluyorlar. Kurulu\u015flardan i\u00e7inde ya\u015fad\u0131klar\u0131 topluma ve d\u00fcnyaya kar\u015f\u0131 daha sorumlu davranmalar\u0131n\u0131 bekliyorlar. Etik de\u011ferlere sahip olmayan \u015firketlerden uzakla\u015f\u0131yorlar.\u00dclkemizin en k\u00f6kl\u00fc markalar\u0131ndan Vakko\u2019nun yarat\u0131c\u0131s\u0131 Vitali Hakko\u2019nun \u00f6zetledi\u011fi gibi bir kurulu\u015f, \u201cYaratamazsa, \u00fcretemiyor. \u00dcretemezse, pazarlayam\u0131yor\u201d Bu kutsal \u00fc\u00e7l\u00fcy\u00fc bir b\u00fct\u00fcn olarak g\u00f6ren, yaratmaya, \u00fcretmeye [&hellip;]<\/p>\n","protected":false},"author":1,"featured_media":0,"parent":0,"menu_order":0,"comment_status":"closed","ping_status":"closed","template":"","meta":{"footnotes":""},"yoast_head":"<!-- This site is optimized with the Yoast SEO plugin v23.5 - https:\/\/yoast.com\/wordpress\/plugins\/seo\/ -->\r\n<title>KAL\u0130TE POL\u0130T\u0130KAMIZ - Aykon Beton - Haz\u0131r Beton Nusaybin - Mardin<\/title>\r\n<meta name=\"robots\" content=\"index, follow, max-snippet:-1, max-image-preview:large, max-video-preview:-1\" \/>\r\n<link rel=\"canonical\" href=\"http:\/\/www.aykonbeton.com.tr\/index.php\/kalite-politikamiz\/\" \/>\r\n<meta property=\"og:locale\" content=\"tr_TR\" \/>\r\n<meta property=\"og:type\" content=\"article\" \/>\r\n<meta property=\"og:title\" content=\"KAL\u0130TE POL\u0130T\u0130KAMIZ - Aykon Beton - Haz\u0131r Beton Nusaybin - Mardin\" \/>\r\n<meta property=\"og:description\" content=\"\u015e\u0130RKET DE\u011eER\u0130: \u0130nsanlar giderek t\u00fckettikleri \u00fcr\u00fcn ve hizmetlerin ard\u0131ndaki \u015firket konusunda daha sorgulay\u0131c\u0131 oluyorlar. Kurulu\u015flardan i\u00e7inde ya\u015fad\u0131klar\u0131 topluma ve d\u00fcnyaya kar\u015f\u0131 daha sorumlu davranmalar\u0131n\u0131 bekliyorlar. Etik de\u011ferlere sahip olmayan \u015firketlerden uzakla\u015f\u0131yorlar.\u00dclkemizin en k\u00f6kl\u00fc markalar\u0131ndan Vakko\u2019nun yarat\u0131c\u0131s\u0131 Vitali Hakko\u2019nun \u00f6zetledi\u011fi gibi bir kurulu\u015f, \u201cYaratamazsa, \u00fcretemiyor. \u00dcretemezse, pazarlayam\u0131yor\u201d Bu kutsal \u00fc\u00e7l\u00fcy\u00fc bir b\u00fct\u00fcn olarak g\u00f6ren, yaratmaya, \u00fcretmeye [&hellip;]\" \/>\r\n<meta property=\"og:url\" content=\"http:\/\/www.aykonbeton.com.tr\/index.php\/kalite-politikamiz\/\" \/>\r\n<meta property=\"og:site_name\" content=\"Aykon Beton - Haz\u0131r Beton Nusaybin - Mardin\" \/>\r\n<meta property=\"article:modified_time\" content=\"2023-07-16T06:33:04+00:00\" \/>\r\n<meta name=\"twitter:card\" content=\"summary_large_image\" \/>\r\n<meta name=\"twitter:label1\" content=\"Tahmini okuma s\u00fcresi\" \/>\n\t<meta name=\"twitter:data1\" content=\"1 dakika\" \/>\r\n<script type=\"application\/ld+json\" class=\"yoast-schema-graph\">{\"@context\":\"https:\/\/schema.org\",\"@graph\":[{\"@type\":\"WebPage\",\"@id\":\"http:\/\/www.aykonbeton.com.tr\/index.php\/kalite-politikamiz\/\",\"url\":\"http:\/\/www.aykonbeton.com.tr\/index.php\/kalite-politikamiz\/\",\"name\":\"KAL\u0130TE POL\u0130T\u0130KAMIZ - Aykon Beton - Haz\u0131r Beton Nusaybin - Mardin\",\"isPartOf\":{\"@id\":\"http:\/\/www.aykonbeton.com.tr\/#website\"},\"datePublished\":\"2023-07-16T06:33:03+00:00\",\"dateModified\":\"2023-07-16T06:33:04+00:00\",\"breadcrumb\":{\"@id\":\"http:\/\/www.aykonbeton.com.tr\/index.php\/kalite-politikamiz\/#breadcrumb\"},\"inLanguage\":\"tr\",\"potentialAction\":[{\"@type\":\"ReadAction\",\"target\":[\"http:\/\/www.aykonbeton.com.tr\/index.php\/kalite-politikamiz\/\"]}]},{\"@type\":\"BreadcrumbList\",\"@id\":\"http:\/\/www.aykonbeton.com.tr\/index.php\/kalite-politikamiz\/#breadcrumb\",\"itemListElement\":[{\"@type\":\"ListItem\",\"position\":1,\"name\":\"Anasayfa\",\"item\":\"http:\/\/www.aykonbeton.com.tr\/\"},{\"@type\":\"ListItem\",\"position\":2,\"name\":\"KAL\u0130TE POL\u0130T\u0130KAMIZ\"}]},{\"@type\":\"WebSite\",\"@id\":\"http:\/\/www.aykonbeton.com.tr\/#website\",\"url\":\"http:\/\/www.aykonbeton.com.tr\/\",\"name\":\"Aykon Beton - Haz\u0131r Beton Nusaybin - Mardin\",\"description\":\"Haz\u0131r Beton\",\"publisher\":{\"@id\":\"http:\/\/www.aykonbeton.com.tr\/#organization\"},\"potentialAction\":[{\"@type\":\"SearchAction\",\"target\":{\"@type\":\"EntryPoint\",\"urlTemplate\":\"http:\/\/www.aykonbeton.com.tr\/?s={search_term_string}\"},\"query-input\":{\"@type\":\"PropertyValueSpecification\",\"valueRequired\":true,\"valueName\":\"search_term_string\"}}],\"inLanguage\":\"tr\"},{\"@type\":\"Organization\",\"@id\":\"http:\/\/www.aykonbeton.com.tr\/#organization\",\"name\":\"Aykon Beton - Haz\u0131r Beton Nusaybin - Mardin\",\"url\":\"http:\/\/www.aykonbeton.com.tr\/\",\"logo\":{\"@type\":\"ImageObject\",\"inLanguage\":\"tr\",\"@id\":\"http:\/\/www.aykonbeton.com.tr\/#\/schema\/logo\/image\/\",\"url\":\"http:\/\/www.aykonbeton.com.tr\/wp-content\/uploads\/2024\/01\/aykonbetonlogo.png\",\"contentUrl\":\"http:\/\/www.aykonbeton.com.tr\/wp-content\/uploads\/2024\/01\/aykonbetonlogo.png\",\"width\":500,\"height\":115,\"caption\":\"Aykon Beton - Haz\u0131r Beton Nusaybin - Mardin\"},\"image\":{\"@id\":\"http:\/\/www.aykonbeton.com.tr\/#\/schema\/logo\/image\/\"},\"sameAs\":[\"https:\/\/www.instagram.com\/ozaydingrubu\/\"]}]}<\/script>\r\n<!-- \/ Yoast SEO plugin. -->","yoast_head_json":{"title":"KAL\u0130TE POL\u0130T\u0130KAMIZ - Aykon Beton - Haz\u0131r Beton Nusaybin - Mardin","robots":{"index":"index","follow":"follow","max-snippet":"max-snippet:-1","max-image-preview":"max-image-preview:large","max-video-preview":"max-video-preview:-1"},"canonical":"http:\/\/www.aykonbeton.com.tr\/index.php\/kalite-politikamiz\/","og_locale":"tr_TR","og_type":"article","og_title":"KAL\u0130TE POL\u0130T\u0130KAMIZ - Aykon Beton - Haz\u0131r Beton Nusaybin - Mardin","og_description":"\u015e\u0130RKET DE\u011eER\u0130: \u0130nsanlar giderek t\u00fckettikleri \u00fcr\u00fcn ve hizmetlerin ard\u0131ndaki \u015firket konusunda daha sorgulay\u0131c\u0131 oluyorlar. Kurulu\u015flardan i\u00e7inde ya\u015fad\u0131klar\u0131 topluma ve d\u00fcnyaya kar\u015f\u0131 daha sorumlu davranmalar\u0131n\u0131 bekliyorlar. Etik de\u011ferlere sahip olmayan \u015firketlerden uzakla\u015f\u0131yorlar.\u00dclkemizin en k\u00f6kl\u00fc markalar\u0131ndan Vakko\u2019nun yarat\u0131c\u0131s\u0131 Vitali Hakko\u2019nun \u00f6zetledi\u011fi gibi bir kurulu\u015f, \u201cYaratamazsa, \u00fcretemiyor. \u00dcretemezse, pazarlayam\u0131yor\u201d Bu kutsal \u00fc\u00e7l\u00fcy\u00fc bir b\u00fct\u00fcn olarak g\u00f6ren, yaratmaya, \u00fcretmeye [&hellip;]","og_url":"http:\/\/www.aykonbeton.com.tr\/index.php\/kalite-politikamiz\/","og_site_name":"Aykon Beton - Haz\u0131r Beton Nusaybin - Mardin","article_modified_time":"2023-07-16T06:33:04+00:00","twitter_card":"summary_large_image","twitter_misc":{"Tahmini okuma s\u00fcresi":"1 dakika"},"schema":{"@context":"https:\/\/schema.org","@graph":[{"@type":"WebPage","@id":"http:\/\/www.aykonbeton.com.tr\/index.php\/kalite-politikamiz\/","url":"http:\/\/www.aykonbeton.com.tr\/index.php\/kalite-politikamiz\/","name":"KAL\u0130TE POL\u0130T\u0130KAMIZ - Aykon Beton - Haz\u0131r Beton Nusaybin - Mardin","isPartOf":{"@id":"http:\/\/www.aykonbeton.com.tr\/#website"},"datePublished":"2023-07-16T06:33:03+00:00","dateModified":"2023-07-16T06:33:04+00:00","breadcrumb":{"@id":"http:\/\/www.aykonbeton.com.tr\/index.php\/kalite-politikamiz\/#breadcrumb"},"inLanguage":"tr","potentialAction":[{"@type":"ReadAction","target":["http:\/\/www.aykonbeton.com.tr\/index.php\/kalite-politikamiz\/"]}]},{"@type":"BreadcrumbList","@id":"http:\/\/www.aykonbeton.com.tr\/index.php\/kalite-politikamiz\/#breadcrumb","itemListElement":[{"@type":"ListItem","position":1,"name":"Anasayfa","item":"http:\/\/www.aykonbeton.com.tr\/"},{"@type":"ListItem","position":2,"name":"KAL\u0130TE POL\u0130T\u0130KAMIZ"}]},{"@type":"WebSite","@id":"http:\/\/www.aykonbeton.com.tr\/#website","url":"http:\/\/www.aykonbeton.com.tr\/","name":"Aykon Beton - Haz\u0131r Beton Nusaybin - Mardin","description":"Haz\u0131r Beton","publisher":{"@id":"http:\/\/www.aykonbeton.com.tr\/#organization"},"potentialAction":[{"@type":"SearchAction","target":{"@type":"EntryPoint","urlTemplate":"http:\/\/www.aykonbeton.com.tr\/?s={search_term_string}"},"query-input":{"@type":"PropertyValueSpecification","valueRequired":true,"valueName":"search_term_string"}}],"inLanguage":"tr"},{"@type":"Organization","@id":"http:\/\/www.aykonbeton.com.tr\/#organization","name":"Aykon Beton - Haz\u0131r Beton Nusaybin - Mardin","url":"http:\/\/www.aykonbeton.com.tr\/","logo":{"@type":"ImageObject","inLanguage":"tr","@id":"http:\/\/www.aykonbeton.com.tr\/#\/schema\/logo\/image\/","url":"http:\/\/www.aykonbeton.com.tr\/wp-content\/uploads\/2024\/01\/aykonbetonlogo.png","contentUrl":"http:\/\/www.aykonbeton.com.tr\/wp-content\/uploads\/2024\/01\/aykonbetonlogo.png","width":500,"height":115,"caption":"Aykon Beton - Haz\u0131r Beton Nusaybin - Mardin"},"image":{"@id":"http:\/\/www.aykonbeton.com.tr\/#\/schema\/logo\/image\/"},"sameAs":["https:\/\/www.instagram.com\/ozaydingrubu\/"]}]}},"jetpack_sharing_enabled":true,"_links":{"self":[{"href":"http:\/\/www.aykonbeton.com.tr\/index.php\/wp-json\/wp\/v2\/pages\/12"}],"collection":[{"href":"http:\/\/www.aykonbeton.com.tr\/index.php\/wp-json\/wp\/v2\/pages"}],"about":[{"href":"http:\/\/www.aykonbeton.com.tr\/index.php\/wp-json\/wp\/v2\/types\/page"}],"author":[{"embeddable":true,"href":"http:\/\/www.aykonbeton.com.tr\/index.php\/wp-json\/wp\/v2\/users\/1"}],"replies":[{"embeddable":true,"href":"http:\/\/www.aykonbeton.com.tr\/index.php\/wp-json\/wp\/v2\/comments?post=12"}],"version-history":[{"count":1,"href":"http:\/\/www.aykonbeton.com.tr\/index.php\/wp-json\/wp\/v2\/pages\/12\/revisions"}],"predecessor-version":[{"id":13,"href":"http:\/\/www.aykonbeton.com.tr\/index.php\/wp-json\/wp\/v2\/pages\/12\/revisions\/13"}],"wp:attachment":[{"href":"http:\/\/www.aykonbeton.com.tr\/index.php\/wp-json\/wp\/v2\/media?parent=12"}],"curies":[{"name":"wp","href":"https:\/\/api.w.org\/{rel}","templated":true}]}}